b = 5047 - 3194. What is the units digit of b?
3
Suppose -k = 2*s - 124, 6*k - 2*s = k + 632. Suppose -3*d = -5*d + 12. Suppose 9*t - d*t = k. What is the units digit of t?
2
Let p(t) = -2*t**2 - 6*t + 2. Let y be p(-5). What is the units digit of (-6)/y*(-522)/(-1)?
4
Suppose 632 = -5*i - 4*t + 2530, i = 4*t + 394. Suppose 0 = -2*j + i + 30. What is the tens digit of j?
0
Let h = -75 + 129. Suppose 4*g + 2*g - h = 0. What is the units digit of g/2*70/21?
5
What is the tens digit of ((-77)/14)/(-1 - 60/(-64))?
8
Suppose -17*k + 32105 = -4122. What is the thousands digit of k?
2
Let z be (8/8)/(2/10). Suppose v + 264 = z*f, -f + 50 = -5*v + 2*v. What is the tens digit of f?
5
Let w(q) = -q**2 + 7*q + 20. What is the units digit of w(9)?
2
Let c(x) = 6*x + 38*x**3 + 2*x**2 - 37*x**3 + 11 + 7*x**2. What is the units digit of c(-7)?
7
Let y(x) = x**3 + 6*x**2 + 4*x - 1. Let u be y(-4). Suppose 0 = -12*g - 3 + 3. Suppose 3*l - 18 - u = g. What is the units digit of l?
1
Let q be (-2)/4*2 + 3. Let x = q - 0. Let f = x + 2. What is the units digit of f?
4
Let f(m) = m**3 - 6*m**2 + 2*m + 12. Let p be f(5). Let z = p - -73. What is the tens digit of z?
7
Let w = 404 + 1298. What is the tens digit of w?
0
Let y be ((-80)/(-25))/(2/5). Suppose 2*j - 4*d - 104 = 0, -4*j - y*d + 7*d + 163 = 0. What is the units digit of j?
2
Let y(x) = x**2 + 1 - 16 + 158*x - 141*x. What is the tens digit of y(-22)?
9
Suppose -y = -2*c - 0*y - 88, -5*c + y = 214. Let w = 25 + c. Let b = 62 + w. What is the tens digit of b?
4
Let x be 6/4*(-4890)/(-45). Suppose 2*k + 2*k = 3*c - x, -2*c - 3*k = -86. What is the units digit of c?
9
Let p = 846 - 311. What is the hundreds digit of p?
5
Let b = -4 - -8. Suppose 3*a + 2*u - 11 = 0, -3 = -b*a - 2*u + 9. Suppose 2 = g - a. What is the units digit of g?
3
What is the hundreds digit of (4/(-15))/2 + (-1156782)/(-765)?
5
Let d(b) = b. Let a be d(3). Suppose -5*y - 7*i + 41 = -3*i, -13 = -5*y + a*i. Suppose -y*r + 171 = 4*o, -4*r + 135 = 2*o + 3*o. What is the units digit of r?
5
Let r be -2 - (-1)/((-1)/928). What is the units digit of ((-24)/20)/(18/r)?
2
Let g = 2935 + -1278. What is the tens digit of g?
5
Suppose 0 = 5*n + m - 10, n - 3*m + 18 = 4*n. Suppose j + 1 = 0, -3*j = 3*w - n - 2. Suppose -3*o = w*o - 45. What is the units digit of o?
9
Suppose -77*x - 15232 = -81*x. What is the thousands digit of x?
3
Let u = -520 - -760. What is the tens digit of u?
4
Let i(u) be the first derivative of -7/2*u**2 - 2 + 5*u + 2/3*u**3. What is the units digit of i(4)?
9
Suppose -2*g + 4*n = -0*n - 22, -4*n - 20 = 0. Let p = g + -7. What is the units digit of p/21 + (-120)/(-28)?
4
Let p(f) = 11*f - 13. Let x be p(12). What is the units digit of x/4 + (-6)/(-24)?
0
Let c be (-5)/(60/(-8))*-9. Let s be ((-16)/c)/(4/18). Suppose 0 = 3*m - s, 2*m + 13 - 1 = 2*o. What is the units digit of o?
0
Let g be -3 + (1 - 0)*-1. What is the units digit of ((-26)/g)/(7/14)?
3
Let c be (-21)/14*24/(-9). Suppose 0 = -c*f - 2*g, 5*f + 0*f - 15 = 5*g. Suppose 4 = -w - f, 2*r - w = 39. What is the tens digit of r?
1
Let d(u) = -u**3 + 14*u**2 + u - 16. Let p be d(14). Let w be (p*1)/((-30)/885). Suppose 3*x + w = 4*x. What is the tens digit of x?
5
Let j = -2932 - -4241. What is the hundreds digit of j?
3
Suppose -42 + 17 = -5*h. Suppose 2*y - 5*a = 0, -h*y - a = 4*a - 35. Suppose 2*c - y + 2 = 5*n, 3*c = n + 11. What is the units digit of n?
1
Suppose 0*l - 48 = -2*l. What is the units digit of 4/l*2 + 218/3?
3
Suppose 19*f - 1297 = 280. Let g = f + 123. What is the tens digit of g?
0
Suppose 2*f - 1828 = -406. What is the hundreds digit of f?
7
Suppose 11 = 2*l + 1. Suppose 3*b = l + 19. What is the units digit of b?
8
Let b(f) = 35*f**2 - 3*f + 8. Let y be b(5). Suppose 13*i - 17*i = -y. What is the units digit of i?
7
Suppose 0 = 4*q + q - 35. Suppose -q*r = 31 - 745. What is the hundreds digit of r?
1
Suppose -242 = -2*t + 4*j, 46*t = 41*t - 4*j + 605. What is the tens digit of t?
2
Let a be 1 + 0 + (-1 - -2). Suppose 25 = 5*w, 0*r = a*r + 5*w - 37. Suppose -r*s - 3*h = -4*s - 100, 5*s - 200 = 5*h. What is the tens digit of s?
4
Let y(g) = 42*g**2 - 4*g - 4. Let x = -89 + 87. What is the hundreds digit of y(x)?
1
Suppose 18 = 12*i - 42. Suppose 2*c = -2*n + 490, 4*n + n = i*c - 1255. What is the hundreds digit of c?
2
Let j(c) = -c**3 + 6*c**2 + 3*c - 2. Suppose -6 = 2*f, 0*q + q = -2*f - 1. What is the units digit of j(q)?
8
Suppose 0 = 58*x - 63*x, -k + 1163 = 2*x. What is the tens digit of k?
6
Let x(u) = -66*u - 159. Let v(k) = 13*k + 32. Let r(f) = -21*v(f) - 4*x(f). What is the units digit of r(-7)?
7
What is the hundreds digit of (2/(-6))/(27/(-81)) + 712?
7
Let d be 18*-1*(-17 + 5). Suppose 5*w - 219 - d = 0. What is the tens digit of w?
8
Suppose 5*n - 85 = 30. Suppose 4*z + 7 = n. What is the tens digit of 132/2 + (z - 5)?
6
Let a(k) = 8*k**2 + 4*k - 6. Let y be a(3). Suppose p = -3*z + y, -5*p + 5*z + 476 = 66. What is the tens digit of p?
8
Let f = -220 - -290. What is the tens digit of f?
7
Suppose -4*q = -3*v - 1206, -q + 3*v - 57 + 363 = 0. Suppose -o + q = 3*o + 4*s, 0 = -o + s + 79. What is the tens digit of o?
7
Let a = 12 - 9. Let o be (a + -4)/(-1) - -37. Suppose 0 = 4*s - 42 - o. What is the units digit of s?
0
Let h(m) be the third derivative of 39*m**5/20 + m**4/24 - m**3/6 - 16*m**2. What is the units digit of h(1)?
7
Suppose -2*u = 3*u - 25. Suppose -2*x - 3*k + 122 = 0, 2*k + 257 + 67 = u*x. What is the units digit of x?
4
Let l = -6818 + 10133. What is the thousands digit of l?
3
What is the units digit of 4/12*2*417/2?
9
Suppose -3*h = -5*r - 2292, 1273 + 1783 = 4*h - 2*r. What is the tens digit of h?
6
Suppose j - 5535 = 5*d - 21242, -5*d + 5*j = -15715. What is the thousands digit of d?
3
Let o = 0 - 21. What is the tens digit of (-20)/(o/(-6) - 4)?
4
Suppose 3 - 19 = -t. Let p be 0 - (-4)/(t/(-12)). What is the units digit of p + -1 - 665/(-19)?
1
Let b(y) = -y**3 - 8*y**2 - y - 7. Suppose -21 - 11 = 4*i. Let m be b(i). What is the units digit of (-1)/(-2*m/38)?
9
Let w(s) = 45*s**2 - 4*s + 36. What is the units digit of w(4)?
0
Suppose 2*z = 0, -5*o + 40 = -0*o + z. Suppose -16*r + 18*r - o = 0. What is the units digit of r?
4
Let p(q) = 13*q**2 + 15*q + 25. What is the hundreds digit of p(-12)?
7
Let i(r) = 18*r - 12. What is the units digit of i(51)?
6
Suppose 13 = 4*s + 5. What is the units digit of -1 + (-126 + s)/(-4)?
0
Suppose -108 = -3*n - 0*n. Suppose 3*v - 4*u + n = 0, -5*v + 3*u = 55 + 5. What is the units digit of 18/v*16/(-6)?
4
Let m be 1*0*(-4)/16. What is the units digit of (-4 + 2)*-2 - m?
4
Let y = -44 + 119. Let f = 113 - -5. Let n = f - y. What is the units digit of n?
3
Suppose -342 = -m + 2*k - 4*k, 5*m + k - 1728 = 0. What is the hundreds digit of m?
3
Let y(f) = 2*f**2 + 9*f + 9. Suppose -2*z - 14 = c + 2, 3*z = -4*c - 39. What is the units digit of y(c)?
7
Let s(i) be the first derivative of -i**4/2 + 13*i**3/3 + 3*i**2 + 14*i - 2. What is the units digit of s(7)?
7
Let q(m) = 102*m + 134. What is the units digit of q(20)?
4
Let u = -3 - -7. Suppose t + 6 = u*m, -2*m - 5*t = -m - 12. Suppose -12 = -4*k - 2*d, m*d + 15 = 2*k + 3. What is the units digit of k?
4
Let y(g) = -g**3 - 3*g**2 - 3. Suppose 4*m + 7 = -5*n, n - 7 = 3*m + 3. Let h be y(m). Let v(f) = -4*f - 4. What is the units digit of v(h)?
8
Let v be 2/(-2)*-6*(-84)/56. Let p = v + 56. What is the tens digit of p?
4
Suppose 19*v - 24 = 20*v. Let g = v + 115. What is the tens digit of g?
9
Let h = -41 + 45. Suppose -2*c - 4*y = -4, 0 = -3*c + 7*c - h*y - 56. What is the tens digit of c?
1
Let a = -122 - -127. Suppose -s + 57 = 3*o, -a*s - 47 + 322 = 5*o. What is the units digit of s?
4
Suppose 0 = 9*t - 4*t - 25. Suppose -3*h - 765 = t*v - 8*v, -3*v - h + 765 = 0. What is the tens digit of v?
5
Let k = 20 + -15. Suppose -2*c - 129 = -k*c. What is the units digit of c?
3
What is the hundreds digit of -259*((-32 + 0)/4 - 1)?
3
Let a(z) = 12*z**2 + 22*z + 11. Let r be a(-17). What is the tens digit of r/60 - (-6)/(-8)?
5
Let n = -6 - 6. Let j = n + 14. Suppose 3*q = 4*x - j*q - 88, 0 = -3*q. What is the tens digit of x?
2
Let v be ((-39)/(-6))/((-2)/4). Let p = v + 21. What is the units digit of p?
8
Let d = 163 + 164. What is the tens